ivided by d.
16
Suppose -5*v + 210 = 10. Suppose -4*p - 64 = -2*n, 0 = 3*n - 2*p - v - 36. What is the remainder when 87 is divided by n?
21
Let d(w) = w**3 + w**2 + 4. Let r be d(-2). Suppose x - 5*j - 26 = r, -4*x = 3*j - 13 + 1. Calculate the remainder when 28 is divided by x.
4
Suppose 0 = 3*r + 3, -r = -3*q - 87 + 1324. What is the remainder when q is divided by 83?
80
Suppose -4*f + 3*f + 21 = 2*o, 3*f - 24 = -3*o. Let a(b) = b**2 + 9*b - 3. Let l be a(-9). Calculate the remainder when o is divided by (-7)/(2/6*l).
6
Suppose 30 = -4*x + 5*x. Suppose 114 - x = -2*v. Let g = -28 - v. What is the remainder when 40 is divided by g?
12
Let n(m) = -13 + 5 + 8*m + 5. What is the remainder when ((-3)/1 + 2)*-37 is divided by n(2)?
11
Suppose 5*h = -4*g + 162, -2*h = 2*g - 5*g + 110. Let i(o) = -6*o - 4. Calculate the remainder when g is divided by i(-4).
18
Let h(f) = -f**3 + 6*f**2 - 9*f + 8. Let j(z) = z - 1. Let v(k) = -h(k) - 4*j(k). Let o be v(5). What is the remainder when 27 is divided by ((-21)/6 - -1)*o?
7
Let s(m) = -m**3 + 6*m**2 - 3*m + 7. Suppose -41*a + 2034 = 722. What is the remainder when a is divided by s(5)?
15
Let d = 46 - -27. Suppose 3*n - 17 = d. Suppose 0*c - n = -2*c. Calculate the remainder when c is divided by 4.
3
Let h = 1 + -20. Let v(p) = -p - 7. Let k be v(h). Let s = 5 + k. Calculate the remainder when s is divided by 10.
7
Suppose -5*m - 3080 = -10*m. Suppose -5*y - 2*y = -m. What is the remainder when y is divided by 18?
16
Let b = 307 - 529. Let n = -150 - b. Let r = -20 + n. What is the remainder when r is divided by 14?
10
Let w = -14 - -18. Suppose -w*v + 0*d + 3*d = -63, 29 = 2*v + d. What is the remainder when 43 is divided by v?
13
Let v(z) = 3*z - z**3 - 2 + 5*z**2 - z + 8. What is the remainder when 58 is divided by v(5)?
10
Suppose 12*d - 453 = 375. What is the remainder when d is divided by 36?
33
Suppose -41 = 2*k - 1. Let b = k + 26. Let z = 25 - 14. Calculate the remainder when z is divided by b.
5
Let j be (1 - 1)/(8*(-2)/(-8)). Suppose 12 = -3*x, -2*x - 52 = -4*a - j*x. Calculate the remainder when 18 is divided by a.
7
What is the remainder when 1*(-2)/(-3) + (-13508)/(-132) is divided by 53?
50
Let l(o) = 8*o**2 + 25*o - 1. Let h(n) = 17*n**2 + 50*n - 3. Let m(f) = 6*h(f) - 13*l(f). What is the remainder when 24 is divided by m(-12)?
3
Let o(r) = -r**3 + 22*r**2 - 55*r - 26. Calculate the remainder when 21 is divided by o(19).
9
Let r = 4 + 0. Suppose -3*h - r + 16 = 0. Calculate the remainder when 41 is divided by h.
1
Let f be (-1)/3*(-5 + -334). Suppose -2*a - 156 = -3*i, a + 2 - f = -2*i. What is the remainder when i is divided by 19?
16
Let u(j) = -j**3 - j**2 + 3*j. Let g be u(-3). Let w be (-1 + 3)/((-5)/20). What is the remainder when 26/(g/((-108)/w)) is divided by 14?
11
Let l = -54 + 101. Let y = l - 6. What is the remainder when 204 is divided by y?
40
Let z = -9 + 17. Let l = 7 - 2. Suppose 18 = p - 2*t, -l*t + 1 = -4*p + 79. Calculate the remainder when p is divided by z.
6
Suppose f = 3*p + 2 + 9, -5*f = 4*p - 150. Let j be (-2 - -1)/1 - 1. Let v(a) = a**2 - a + 1. Calculate the remainder when f is divided by v(j).
5
Let w = -51 + 115. Let b = 16 + w. Calculate the remainder when b is divided by (-243)/6*(5 - (-17)/(-3)).
26
Let v be ((-2)/2 - 3) + -3. Let u = v - -26. Calculate the remainder when u is divided by (-104)/(-10) + 6/(-15).
9
What is the remainder when (-10)/(-6) - (-4 - (-5052)/(-36)) is divided by 11?
3
Let g(u) = 3*u**2 + 5*u**3 + 2*u**2 - 5*u**2. Let b = 1 + 18. What is the remainder when b is divided by g(1)?
4
What is the remainder when (-57)/(-38)*584/3 - 6 is divided by 36?
34
Let c = 698 - 664. What is the remainder when 89 is divided by c?
21
Suppose 5*z + w = 395, 0*z + 158 = 2*z - 4*w. Let l(p) = 7*p**3 - 2*p**2 + p - 1. Let a be l(2). Let x = z - a. What is the remainder when x is divided by 11?
8
Let s = -11 + 25. Let m = s - 9. Suppose 2 - 38 = -9*i. What is the remainder when m is divided by i?
1
Let v(a) = 3*a - 29. Calculate the remainder when 3 is divided by v(10).
0
Let q(d) = d**3 - 11*d**2 - 6*d + 89. Calculate the remainder when q(11) is divided by 3.
2
Let v be 0/(3 - 1) - -5. Suppose 4*c - n = 52, 0 = 2*c + 3*n - v*n - 20. Calculate the remainder when (36 - -4) + -2*(-2)/4 is divided by c.
13
Let y(q) = -3 + 8 - q**3 + 2*q**2 + 10*q**2 - 13*q + 2*q**3. Suppose 0 = -5*m + 25 - 15. What is the remainder when y(-13) is divided by m?
1
Suppose -9*m + 2*q + 1358 = -7*m, 0 = -5*m + 3*q + 3401. Calculate the remainder when m is divided by 13.
6
What is the remainder when ((-215)/(-3))/(375/450) is divided by 18?
14
Suppose -30 = -3*z - 15. Let j(u) = 7*u - 1. What is the remainder when j(2) is divided by z?
3
Let h = 1056 + -1046. What is the remainder when 75/2 - (-1)/2 is divided by h?
8
Let b(t) = -t**3 + 5*t**2 + 8*t + 3. Calculate the remainder when 62 is divided by b(6).
2
Let n = 8 + -31. Let v = n - -32. Calculate the remainder when (((-476)/(-18))/7)/(13/117) is divided by v.
7
Let v(l) = 10*l**2 - 3*l + 20. What is the remainder when v(9) is divided by 35?
33
Suppose 0 = 3*n + 2*t - 106, -2*t - 146 = -4*n - 0*t. Let s = n - 22. Calculate the remainder when 25/(-4 - 5/(-1)) is divided by s.
11
Suppose -3*u + 1294 = -950. What is the remainder when u is divided by 47?
43
Let b(j) = -20*j - 6. Let p(k) = -k**3 - 8*k**2 - 14*k - 15. Let f be p(-6). Calculate the remainder when b(f) is divided by 11.
10
Calculate the remainder when 42 is divided by 36/(-8)*(-308)/63.
20
Let h(v) = v**2 - 15*v - 6. What is the remainder when h(-11) is divided by 95?
90
Let o(p) = 3*p - 15. Let t be o(0). Let h = 23 + t. Suppose 5*g - 9 - 1 = 0. What is the remainder when h is divided by g?
0
Suppose 3*o = 4*o - 51. Let c = -1555 + 1568. What is the remainder when o is divided by c?
12
Let h = 17 + -13. Suppose 2*w - 3*r = -42, -15 = w - h*r + 6. Let p = w + 40. Calculate the remainder when p is divided by 11.
8
Let u(z) = z**2 + 35*z + 303. Suppose -4*r + x + 54 = 9, -x = 5. What is the remainder when u(-12) is divided by r?
7
Let v(w) = 3*w**2 + 3. Let s be v(0). Calculate the remainder when (2/s)/(12/3096) - -3 is divided by 45.
40
Suppose 4*z = -v - 231, -4*z - 2*v - 14 = 220. Calculate the remainder when -37*((-1 - -2) + -2) is divided by 760/z*3/(-2).
17
Let z = -45 + 49. Suppose n + 2*n = b + 168, z*b = -3*n + 183. Suppose 0*m - 2*m + 24 = 0. What is the remainder when n is divided by m?
9
Suppose -4*j = -9*j + 745. Let q(o) = -2*o + 13. Calculate the remainder when j is divided by q(-6).
24
Let k = 16 - 28. Let o = k + 47. What is the remainder when 68 is divided by o?
33
Let o(l) = 3*l**2 + 162*l + 68. What is the remainder when o(-54) is divided by 18?
14
Suppose 0 = -t - 1 + 7. Suppose 4*c + 3*w = 9*c - 57, -w = -1. What is the remainder when c is divided by t?
0
Suppose -2*h + 45 = -3*c, h - 5*h = -4*c - 92. Calculate the remainder when 140 is divided by h.
20
Let s = 7860 + -7853. What is the remainder when (-554)/(-18) - (-2)/9 is divided by s?
3
Let d = 1659 + -1306. What is the remainder when d is divided by 53?
35
Let l = -16 - -22. Suppose -l*z - 82 = -250. Calculate the remainder when z is divided by 8.
4
Let c(k) = 17*k - 234. Suppose 3*w - 184 = 4*f, w + f - 48 - 11 = 0. Calculate the remainder when w is divided by c(15).
18
Let d = -7 + 18. Let y be (3 + (-21)/(-2))*-2. Let m = y + 59. Calculate the remainder when m is divided by d.
10
Suppose 5*c = -5*x + 70, c - 2*c - 2*x + 9 = 0. What is the remainder when 1193 is divided by c?
15
Let l(o) = 17*o**2 - o + 2 + 1 - 2. Suppose 0 = 31*y - 20*y - 44. What is the remainder when l(1) is divided by y?
1
Suppose -r - 26 + 18 = -2*o, 3*r = -o - 17. Let c(p) = -p - 1. What is the remainder when c(-3) is divided by o?
0
Suppose -5*i + t + 129 = -1151, 0 = 3*t + 15. Calculate the remainder when i is divided by 35.
10
Let m be (-1 + (3 - 0))/(18/117). Suppose -55 - m = -4*u. What is the remainder when 63 is divided by u?
12
Suppose -5*b - 4*a = -2*b - 14, -a - 19 = -3*b. Suppose b*g = 29 - 5. What is the remainder when 11 is divided by g?
3
Let q(d) = -2*d**2 + 8*d - 15. Let z be q(8). Let h = 92 + z. Calculate the remainder when 34 is divided by h.
8
Let t(v) = 10*v**2 + v - 11. Let u(d) = 19*d*